{"id":1207,"date":"2015-01-18T18:48:23","date_gmt":"2015-01-18T18:48:23","guid":{"rendered":"http:\/\/www.webburo.com.ar\/demo7b\/?page_id=1190"},"modified":"2025-11-15T13:26:21","modified_gmt":"2025-11-15T16:26:21","slug":"seminario-de-ejercitacion-profesional","status":"publish","type":"page","link":"https:\/\/www.decomobi.com.ar\/sitio\/seminario-de-ejercitacion-profesional\/","title":{"rendered":"Seminario de Ejercitaci\u00f3n Profesional"},"content":{"rendered":"\t\t<div data-elementor-type=\"wp-page\" data-elementor-id=\"1207\" class=\"elementor elementor-1207\" data-elementor-post-type=\"page\">\n\t\t\t\t\t\t<section class=\"elementor-section elementor-top-section elementor-element elementor-element-7eed3eb9 elementor-section-boxed elementor-section-height-default elementor-section-height-default\" data-id=\"7eed3eb9\" data-element_type=\"section\" data-e-type=\"section\">\n\t\t\t\t\t\t<div class=\"elementor-container elementor-column-gap-default\">\n\t\t\t\t\t<div class=\"elementor-column elementor-col-100 elementor-top-column elementor-element elementor-element-6760fa41\" data-id=\"6760fa41\" data-element_type=\"column\" data-e-type=\"column\">\n\t\t\t<div class=\"elementor-widget-wrap elementor-element-populated\">\n\t\t\t\t\t\t<div class=\"elementor-element elementor-element-715de639 elementor-widget elementor-widget-text-editor\" data-id=\"715de639\" data-element_type=\"widget\" data-e-type=\"widget\" data-widget_type=\"text-editor.default\">\n\t\t\t\t<div class=\"elementor-widget-container\">\n\t\t\t\t\t\t\t\t\t<p>Al aprobar los requerimientos te\u00f3rico-pr\u00e1cticos, nuestros egresados reciben su diploma de car\u00e1cter privado, que es id\u00e9ntico para las modalidades \u00absemipresencial\u00bb y \u00aba distancia\u00bb. El diploma que otorgamos no es terciario ni universitario; sirve como constancia de haber cumplido con los requisitos de un instituto que ense\u00f1a dise\u00f1o y decoraci\u00f3n desde hace varias d\u00e9cadas ininterrumpidamente, con el respaldo de miles de egresados que han cursado con nosotros a lo largo de m\u00e1s de 50 a\u00f1os.<\/p><p><strong>TRABAJAR EN DECO<\/strong><\/p><p>Los egresados tienen la posibilidad de cursar nuestro seminario de Ejercitaci\u00f3n Profesional optativo. La duraci\u00f3n es variable seg\u00fan los a\u00f1os, porque elaboramos el programa especialmente para cada Promoci\u00f3n, ya que vamos mejorando nuestros planes de estudio constantemente para buscar la excelencia.<\/p><p>En la primera parte de este seminario se profundiza en temas financieros, previsionales y contables, as\u00ed como el llamado marketing del decorador (qu\u00e9 imagen ofrecer al cliente, c\u00f3mo presentar proyectos, etc.) con la visita de profesionales de cada \u00e1rea.<\/p><p>Luego se aplican estos conocimientos en proyectos te\u00f3rico-pr\u00e1cticos, que incluyen documentaci\u00f3n gr\u00e1fica, propuesta financiera, contrato, memoria descriptiva, etc.<\/p><p>Nuestros egresados no terminan su relaci\u00f3n con nosotros el d\u00eda en que se reciben; contin\u00faan siendo parte de la comunidad\u00a0<strong>DECOmobi<\/strong>, reciben constante informaci\u00f3n sobre nuestras actividades y pueden asistir a las visitas a empresas y museos, seminarios, clases de actualizaci\u00f3n.<\/p>\t\t\t\t\t\t\t\t<\/div>\n\t\t\t\t<\/div>\n\t\t\t\t\t<\/div>\n\t\t<\/div>\n\t\t\t\t\t<\/div>\n\t\t<\/section>\n\t\t\t\t<section class=\"elementor-section elementor-top-section elementor-element elementor-element-8617e0d elementor-section-full_width elementor-section-stretched elementor-section-height-default elementor-section-height-default\" data-id=\"8617e0d\" data-element_type=\"section\" data-e-type=\"section\" data-settings=\"{&quot;stretch_section&quot;:&quot;section-stretched&quot;}\">\n\t\t\t\t\t\t<div class=\"elementor-container elementor-column-gap-no\">\n\t\t\t\t\t<div class=\"elementor-column elementor-col-100 elementor-top-column elementor-element elementor-element-f0becfd\" data-id=\"f0becfd\" data-element_type=\"column\" data-e-type=\"column\">\n\t\t\t<div class=\"elementor-widget-wrap elementor-element-populated\">\n\t\t\t\t\t\t<div class=\"elementor-element elementor-element-e2903a3 elementor-widget elementor-widget-shortcode\" data-id=\"e2903a3\" data-element_type=\"widget\" data-e-type=\"widget\" data-widget_type=\"shortcode.default\">\n\t\t\t\t<div class=\"elementor-widget-container\">\n\t\t\t\t\t\t\t<div class=\"elementor-shortcode\">\t\t<div data-elementor-type=\"section\" data-elementor-id=\"5085\" class=\"elementor elementor-5085\" data-elementor-post-type=\"elementor_library\">\n\t\t\t\t\t<section class=\"elementor-section elementor-top-section elementor-element elementor-element-d6ab884 elementor-section-content-middle elementor-section-boxed elementor-section-height-default elementor-section-height-default\" data-id=\"d6ab884\" data-element_type=\"section\" data-e-type=\"section\" data-settings=\"{&quot;background_background&quot;:&quot;classic&quot;}\">\n\t\t\t\t\t\t<div class=\"elementor-container elementor-column-gap-no\">\n\t\t\t\t\t<div class=\"elementor-column elementor-col-50 elementor-top-column elementor-element elementor-element-5539f503\" data-id=\"5539f503\" data-element_type=\"column\" data-e-type=\"column\" data-settings=\"{&quot;background_background&quot;:&quot;classic&quot;}\">\n\t\t\t<div class=\"elementor-widget-wrap elementor-element-populated\">\n\t\t\t\t\t\t<div class=\"elementor-element elementor-element-4837925d elementor-widget elementor-widget-text-editor\" data-id=\"4837925d\" data-element_type=\"widget\" data-e-type=\"widget\" data-widget_type=\"text-editor.default\">\n\t\t\t\t<div class=\"elementor-widget-container\">\n\t\t\t\t\t\t\t\t\t<p>SEMINARIO<\/p>\t\t\t\t\t\t\t\t<\/div>\n\t\t\t\t<\/div>\n\t\t\t\t<div class=\"elementor-element elementor-element-4f86cf7a elementor-widget__width-initial elementor-widget elementor-widget-heading\" data-id=\"4f86cf7a\" data-element_type=\"widget\" data-e-type=\"widget\" data-widget_type=\"heading.default\">\n\t\t\t\t<div class=\"elementor-widget-container\">\n\t\t\t\t\t<h3 class=\"elementor-heading-title elementor-size-default\"><a href=\"https:\/\/www.decomobi.com.ar\/sitio\/seminario-de-ejercitacion-profesional-sep\/\">SEMINARIO DE EJERCITACI\u00d3N PROFESIONAL<\/a><\/h3>\t\t\t\t<\/div>\n\t\t\t\t<\/div>\n\t\t\t\t\t<\/div>\n\t\t<\/div>\n\t\t\t\t<div class=\"elementor-column elementor-col-50 elementor-top-column elementor-element elementor-element-3adc844a\" data-id=\"3adc844a\" data-element_type=\"column\" data-e-type=\"column\">\n\t\t\t<div class=\"elementor-widget-wrap elementor-element-populated\">\n\t\t\t\t\t\t<div class=\"elementor-element elementor-element-67a9a6d elementor-widget elementor-widget-text-editor\" data-id=\"67a9a6d\" data-element_type=\"widget\" data-e-type=\"widget\" data-widget_type=\"text-editor.default\">\n\t\t\t\t<div class=\"elementor-widget-container\">\n\t\t\t\t\t\t\t\t\t<h1 style=\"text-align: center;\"><span style=\"color: #ffffff;\">Segu\u00ed capacit\u00e1ndote<\/span><\/h1><h1 style=\"text-align: center;\"><span style=\"color: #ffffff;\">INICIO: ABRIL 2026<\/span><\/h1>\t\t\t\t\t\t\t\t<\/div>\n\t\t\t\t<\/div>\n\t\t\t\t<div class=\"elementor-element elementor-element-bed7e48 elementor-align-center elementor-widget elementor-widget-button\" data-id=\"bed7e48\" data-element_type=\"widget\" data-e-type=\"widget\" data-widget_type=\"button.default\">\n\t\t\t\t<div class=\"elementor-widget-container\">\n\t\t\t\t\t\t\t\t\t<div class=\"elementor-button-wrapper\">\n\t\t\t\t\t<a class=\"elementor-button elementor-button-link elementor-size-xl elementor-animation-grow\" href=\"https:\/\/www.decomobi.com.ar\/sitio\/#consulta\">\n\t\t\t\t\t\t<span class=\"elementor-button-content-wrapper\">\n\t\t\t\t\t\t<span class=\"elementor-button-icon\">\n\t\t\t\t<i aria-hidden=\"true\" class=\"fas fa-info-circle\"><\/i>\t\t\t<\/span>\n\t\t\t\t\t\t\t\t\t<span class=\"elementor-button-text\">M\u00c1S INFORMACI\u00d3N<\/span>\n\t\t\t\t\t<\/span>\n\t\t\t\t\t<\/a>\n\t\t\t\t<\/div>\n\t\t\t\t\t\t\t\t<\/div>\n\t\t\t\t<\/div>\n\t\t\t\t\t<\/div>\n\t\t<\/div>\n\t\t\t\t\t<\/div>\n\t\t<\/section>\n\t\t\t\t<\/div>\n\t\t<\/div>\n\t\t\t\t\t\t<\/div>\n\t\t\t\t<\/div>\n\t\t\t\t\t<\/div>\n\t\t<\/div>\n\t\t\t\t\t<\/div>\n\t\t<\/section>\n\t\t\t\t<\/div>\n\t\t","protected":false},"excerpt":{"rendered":"<p>Al aprobar los requerimientos te\u00f3rico-pr\u00e1cticos, nuestros egresados reciben su diploma de car\u00e1cter privado, que es id\u00e9ntico para las modalidades \u00absemipresencial\u00bb y \u00aba distancia\u00bb. El diploma que otorgamos no es terciario ni universitario; sirve como constancia de haber cumplido con los requisitos de un instituto que ense\u00f1a dise\u00f1o y decoraci\u00f3n desde hace varias d\u00e9cadas ininterrumpidamente, con [&hellip;]<\/p>\n","protected":false},"author":96739693,"featured_media":4840,"parent":0,"menu_order":0,"comment_status":"closed","ping_status":"closed","template":"","meta":{"footnotes":""},"class_list":["post-1207","page","type-page","status-publish","has-post-thumbnail","czr-hentry"],"_links":{"self":[{"href":"https:\/\/www.decomobi.com.ar\/sitio\/wp-json\/wp\/v2\/pages\/1207","targetHints":{"allow":["GET"]}}],"collection":[{"href":"https:\/\/www.decomobi.com.ar\/sitio\/wp-json\/wp\/v2\/pages"}],"about":[{"href":"https:\/\/www.decomobi.com.ar\/sitio\/wp-json\/wp\/v2\/types\/page"}],"author":[{"embeddable":true,"href":"https:\/\/www.decomobi.com.ar\/sitio\/wp-json\/wp\/v2\/users\/96739693"}],"replies":[{"embeddable":true,"href":"https:\/\/www.decomobi.com.ar\/sitio\/wp-json\/wp\/v2\/comments?post=1207"}],"version-history":[{"count":26,"href":"https:\/\/www.decomobi.com.ar\/sitio\/wp-json\/wp\/v2\/pages\/1207\/revisions"}],"predecessor-version":[{"id":6291,"href":"https:\/\/www.decomobi.com.ar\/sitio\/wp-json\/wp\/v2\/pages\/1207\/revisions\/6291"}],"wp:featuredmedia":[{"embeddable":true,"href":"https:\/\/www.decomobi.com.ar\/sitio\/wp-json\/wp\/v2\/media\/4840"}],"wp:attachment":[{"href":"https:\/\/www.decomobi.com.ar\/sitio\/wp-json\/wp\/v2\/media?parent=1207"}],"curies":[{"name":"wp","href":"https:\/\/api.w.org\/{rel}","templated":true}]}}